t of 352450479?
7
What is the ten millions digit of 217500888?
1
What is the hundred millions digit of 619910725?
6
What is the hundred thousands digit of 56209337?
2
What is the ten thousands digit of 621668088?
6
What is the ten millions digit of 196659479?
9
What is the millions digit of 3177680?
3
What is the hundred millions digit of 117750974?
1
What is the ten millions digit of 23825283?
2
What is the units digit of 360532576?
6
What is the hundred millions digit of 2966388271?
9
What is the tens digit of 3752266881?
8
What is the ten millions digit of 445433701?
4
What is the ten thousands digit of 430306744?
0
What is the tens digit of 7721557691?
9
What is the millions digit of 82828795?
2
What is the hundred thousands digit of 49012203?
0
What is the hundreds digit of 96747260?
2
What is the ten millions digit of 60851987?
6
What is the ten millions digit of 22705690?
2
What is the hundred millions digit of 956546942?
9
What is the hundred thousands digit of 193175916?
1
What is the thousands digit of 9209726?
9
What is the units digit of 71624152?
2
What is the millions digit of 3507793066?
7
What is the thousands digit of 428120266?
0
What is the ten millions digit of 1671110707?
7
What is the units digit of 497181423?
3
What is the hundred millions digit of 3612668467?
6
What is the hundred thousands digit of 7172059844?
0
What is the hundred millions digit of 207027045?
2
What is the tens digit of 450405290?
9
What is the millions digit of 61173835?
1
What is the thousands digit of 2616619445?
9
What is the thousands digit of 763963489?
3
What is the millions digit of 127416648?
7
What is the hundreds digit of 3896713611?
6
What is the millions digit of 54766909?
4
What is the hundreds digit of 226848775?
7
What is the ten millions digit of 3808253076?
0
What is the hundred thousands digit of 252511044?
5
What is the units digit of 19540073?
3
What is the tens digit of 67031413?
1
What is the thousands digit of 353761126?
1
What is the units digit of 31636877?
7
What is the ten thousands digit of 942942025?
4
What is the thousands digit of 29631444?
1
What is the hundred millions digit of 4072564543?
0
What is the tens digit of 112151912?
1
What is the millions digit of 3054123?
3
What is the thousands digit of 505108298?
8
What is the hundred thousands digit of 223108081?
1
What is the tens digit of 179418868?
6
What is the thousands digit of 27313083?
3
What is the hundred thousands digit of 231968761?
9
What is the thousands digit of 994452392?
2
What is the hundred millions digit of 5308496071?
3
What is the tens digit of 41143889?
8
What is the units digit of 662585699?
9
What is the ten millions digit of 17779846?
1
What is the hundred thousands digit of 576724028?
7
What is the hundred thousands digit of 4728770635?
7
What is the ten millions digit of 927488018?
2
What is the hundreds digit of 398523866?
8
What is the tens digit of 832439873?
7
What is the hundred millions digit of 1211010490?
2
What is the tens digit of 796241634?
3
What is the hundreds digit of 3603812?
8
What is the hundreds digit of 343994716?
7
What is the hundred millions digit of 159364365?
1
What is the hundreds digit of 383974412?
4
What is the thousands digit of 67760977?
0
What is the units digit of 84934298?
8
What is the hundred millions digit of 137737761?
1
What is the units digit of 17090799?
9
What is the hundred thousands digit of 673337423?
3
What is the hundreds digit of 44533072?
0
What is the hundred millions digit of 324989315?
3
What is the hundreds digit of 78621783?
7
What is the hundred millions digit of 690462040?
6
What is the ten millions digit of 624098710?
2
What is the ten thousands digit of 879880992?
8
What is the ten millions digit of 1044492244?
4
What is the hundreds digit of 130458083?
0
What is the millions digit of 1743793108?
3
What is the ten thousands digit of 10866931?
6
What is the millions digit of 2416101851?
6
What is the hundreds digit of 22818349?
3
What is the millions digit of 138875820?
8
What is the thousands digit of 964666529?
6
What is the ten thousands digit of 67282759?
8
What is the tens digit of 1368110796?
9
What is the units digit of 679379681?
1
What is the ten thousands digit of 47856723?
5
What is the millions digit of 45688685?
5
What is the hundreds digit of 36340920?
9
What is the tens digit of 205646839?
3
What is the tens digit of 5863982?
8
What is the ten thousands digit of 3736412826?
1
What is the ten thousands digit of 27613729?
1
What is the ten thousands digit of 159163118?
6
What is the millions digit of 21935287?
1
What is the ten thousands digit of 6635136961?
3
What is the millions digit of 85708630?
5
What is the billions digit of 1564665042?
1
What is the hundreds digit of 26524599?
5
What is the hundred millions digit of 4292651777?
2
What is the tens digit of 152355147?
4
What is the thousands digit of 21109583?
9
What is the hundreds digit of 7007195147?
1
What is the thousands digit of 85683851?
3
What is the ten thousands digit of 177683786?
8
What is the units digit of 398120401?
1
What is the ten thousands digit of 537654707?
5
What is the hundreds digit of 72901783?
7
What is the thousands digit of 4684775153?
5
What is the units digit of 8536196?
6
What is the ten millions digit of 1129813895?
2
What is the billions digit of 3765436903?
3
What is the thousands digit of 860883672?
3
What is the tens digit of 10216667?
6
What is the units digit of 833569060?
0
What is the hundred thousands digit of 1767499196?
4
What is the hundreds digit of 2280005979?
9
What is the thousands digit of 43729017?
9
What is the thousands digit of 56529886?
9
What is the billions digit of 4782650467?
4
What is the units digit of 185658443?
3
What is the units digit of 3734398909?
9
What is the hundred millions digit of 316455401?
3
What is the units digit of 1021155217?
7
What is the hundreds digit of 4950857373?
3
What is the ten thousands digit of 199825273?
2
What is the thousands digit of 2533201389?
1
What is the ten thousands digit of 211177991?
7
What is the units digit of 49557548?
8
What is the ten millions digit of 383669877?
8
What is the hundred thousands digit of 245525205?
5
What is the units digit of 6615611?
1
What is the units digit of 91532069?
9
What is the millions digit of 176157132?
6
What is the hundred thousands digit of 331613777?
6
What is the units digit of 54597187?
7
What is the hundreds digit of 4841086189?
1
What is the millions digit of 48085972?
8
What is the hundreds digit of 1459770539?
5
What is the ten thousands digit of 56314688?
1
What is the thousands digit of 27804279?
4
What is the hundred thousands digit of 2240555909?
5
What is the ten millions digit of 22124192?
2
What is the tens digit of 972195898?
9
What is the millions digit of 216819535?
6
What is the ten millions digit of 16128658?
1
What is the hundred thousands digit of 4620620952?
6
What is the millions digit of 963111870?
3
What is the ten millions digit of 212426287?
1
What is the tens digit of 158310185?
8
What is the hundreds digit of 21410025?
0
What is the hundred millions digit of 398271384?
3
What is the thousands digit of 1010255972?
5
What is the ten thousands digit of 6731117?
3
What is the millions digit of 775660413?
5
What is the hundred thousands digit of 496016084?
0
What is the hundred millions digit of 178806964?
1
What is the thousands digit of 73788951?
8
What is the tens digit of 196877128?
2
What is the thousands digit of 45291674?
1
What is the hundreds digit of 20569331?
3
What is the billions digit of 3684476457?
3
What is the ten thousands digit of 800629286?
2
What is the thousands digit of 105134830?
4
What is the hundred thousands digit of 419424273?
4
What is the millions digit of 13837311?
3
What is the billions digit of 5421410348?
5
What is the units digit of 843740178?
8
What is the ten thousands digit of 89735578?
3
What is the billions digit of 5733321572?
5
What is the millions digit of 969031614?
9
What is the millions digit of 39361004?
9
What is the ten thousands digit of 13697907?
9
What is the ten millions digit of 189202601?
8
What is the ten millions digit of 2867822919?
6
What is the hundreds digit of 1902456488?
4
What is the thous